-5*l + 180 = 5*d, 0 = -2*d + 4*l + 108 - 30. Suppose 0 = o - 0*o - d. Calculate the remainder when o is divided by 13.
11
Let k(x) = x**2 + x - 7. Suppose s - 20 = 5*s. Calculate the remainder when 37 is divided by k(s).
11
Let w(r) = r**2 + 7*r - 3. Let f(t) = 11*t + 3. Let i be f(5). Suppose -4*b - i = -22. What is the remainder when w(b) is divided by 6?
3
Suppose 0*b + 2*b = 10. Let p = 3 + b. What is the remainder when p is divided by 3?
2
Let b = 26 + -17. Suppose b*j = 8*j + 17. Let c(h) = h**2 - 2*h - 2. Calculate the remainder when c(-5) is divided by j.
16
Suppose 3*m + 39 = 3*w + m, -3*w - 4*m = -57. Let j(h) = 5*h + 8. Let r = 2 + 2. What is the remainder when j(r) is divided by w?
13
Let q(g) = g**3 - 11*g**2 + g + 13. Calculate the remainder when 92 is divided by q(11).
20
Let v(w) = w**3 + 4*w**2 + 3*w + 3. Let x be v(-3). Suppose 5*c - 2*z - 80 = 3*z, -c + x*z + 26 = 0. Calculate the remainder when 32 is divided by c.
10
Let m = 42 + -20. Let p = m - 9. Calculate the remainder when p is divided by 7.
6
What is the remainder when 37 is divided by (7/((-7)/12))/(9/(-6))?
5
Let t(r) = -r**2 - 6*r + 2. Let s be t(-8). Let l = s + 26. Suppose 0 = -2*f + 8 + l. Calculate the remainder when 29 is divided by f.
9
Calculate the remainder when (-24)/(-20)*(-90)/(-4) is divided by 10.
7
Let x = 47 + -5. What is the remainder when 209 is divided by x?
41
Suppose l + 5*a - 6 = 0, -2*l - 2*l = -4*a + 96. Calculate the remainder when 49 is divided by 10/(-2) - -3 - l.
15
Suppose -5*h + h = -16. Let p(a) = a**2 - 4*a + 3. Let g = 6 + -2. Calculate the remainder when h is divided by p(g).
1
Let c = 4 - -1. Suppose -c*s + s = 36. Calculate the remainder when 2 is divided by (12/s)/((-4)/6).
0
Let q = 13 - -8. Suppose -s = -2*s + 40. What is the remainder when s is divided by q?
19
Suppose 84 = 2*r + 22. Let n = -8 + 16. What is the remainder when r is divided by 90/n - (-1)/(-4)?
9
Suppose -2*d + 10 = 2*h, -h - 4*d + 10 = -1. What is the remainder when 4 is divided by h?
1
Let p = -51 + 78. Calculate the remainder when 159 is divided by p.
24
Let d(s) = -s + 7. Let j be d(4). Suppose -t = j*t - 124. Let m = -19 + t. Calculate the remainder when 23 is divided by m.
11
What is the remainder when (-4)/(-24) + 322/12 is divided by 11?
5
Let m = -1 - 3. Let y = 13 + m. Calculate the remainder when 24 is divided by y.
6
Suppose -462 - 402 = -12*q. What is the remainder when q is divided by 28?
16
Suppose -3*p = 5*r - 372, 4*p = 3*r + 528 - 3. Let k = p + -54. Calculate the remainder when k is divided by 26.
23
Suppose 4*p - 4*u = -8, 32 = 3*p + 5*u + 6. Let y(d) = 6*d**2 - 2*d - 1. What is the remainder when y(p) is divided by 7?
5
Let d = -19 + 20. What is the remainder when (d*-1)/(1/(-26)) is divided by 9?
8
Let c be (-2)/(-4) - 74/4. Suppose -5*i = -15 - 85. What is the remainder when i is divided by (c/(-12))/((-3)/(-22))?
9
Calculate the remainder when 132 is divided by (4/(-2))/(((-120)/(-162))/(-10)).
24
Let m = -8 + 9. What is the remainder when 49 is divided by (-2)/m*13/(-2)?
10
Suppose 2*y = 2*s + 18, 3*s + 7 = -y - 0*y. Suppose -5*k = -y, -a + 3*k + 0*k = -3. Calculate the remainder when a is divided by 2.
0
Let n(r) = r**3 - 3*r**2 + 2*r + 2. Let h be n(2). Let j be 6/16*h*8. Calculate the remainder when -3*14*(-2)/j is divided by 8.
6
Let k = -13 - -26. What is the remainder when k is divided by 7?
6
Let z = -2 - 0. Let b be (-249)/z*(-4)/(-6). Suppose -25 = 2*g - b. Calculate the remainder when g is divided by 10.
9
Suppose 3*v - 4*j + 43 = 221, 0 = -4*v - 3*j + 254. What is the remainder when v is divided by 21?
20
Suppose 56 = 4*s + 2*f, -s + 7 = -3*f - 0. What is the remainder when s is divided by 3?
1
What is the remainder when 1 - 4 - -1*(1 + 7) is divided by 4?
1
Let j(q) = 5*q - 3. Let z be j(7). Let m = -16 + z. What is the remainder when 47 is divided by m?
15
Suppose 2*a - 5*l = -3, -3*a + 19 = a - 5*l. Let i = -1 - 2. Let r = 7 + i. What is the remainder when a is divided by r?
3
Suppose g - 6*g = -4*j - 67, 0 = 4*g - j - 47. Suppose 11 = -2*h - 1. Let s = h - -12. Calculate the remainder when g is divided by s.
5
Let h be (-2)/((-1)/(-42)*4). Calculate the remainder when (-173)/(-7) - 6/h is divided by 13.
12
Suppose -4*p + 0*p = -92. Suppose 7*g + 2 = p. Calculate the remainder when 9 is divided by g.
0
Suppose 2*n + 36 = 114. Calculate the remainder when n is divided by 7.
4
Suppose 5*t - 2*h - 133 = 0, 5*h = -3*t + 36 + 19. What is the remainder when t is divided by 4?
1
Suppose 3*a - 8 = -a. Calculate the remainder when 5 is divided by a.
1
Suppose v = 4 + 2. Suppose -2 = -2*a + v, -3*o = 5*a - 56. Calculate the remainder when 35 is divided by o.
11
Let p(o) = o**3 - 4*o**2 - 3*o. Let y be p(6). Suppose -y = -2*h - h. What is the remainder when 52 is divided by h?
16
Suppose -2*l - 7*l = -162. Calculate the remainder when 52 is divided by l.
16
Suppose -30 = -3*p + 42. Calculate the remainder when 70 is divided by p.
22
Suppose 4*g - 112 = 8. What is the remainder when 89 is divided by g?
29
Suppose 5*q - 6 = 19. Let r be 4/8 + (-5)/2. Let n = q - r. Calculate the remainder when 19 is divided by n.
5
Let m(z) = -z**2 - 24*z - 20. Calculate the remainder when 55 is divided by m(-23).
1
Suppose -2*i - 6 = -j - i, -i - 12 = -3*j. Calculate the remainder when 1/(0 + (-1)/(-13)) is divided by j.
1
Suppose 28*f + 24 = 31*f. What is the remainder when f is divided by 5?
3
Let k(o) = -o**2 - 12*o - 28. Calculate the remainder when k(-8) is divided by 3.
1
Suppose -4*d + 46 = -7*o + 2*o, -3*d - 2*o + 23 = 0. Suppose -3*a + 71 = 4*h, -2 = -2*h - 4. What is the remainder when a is divided by d?
7
Let q(t) = 2 + 4 + 2*t + 0*t. Suppose z = 13 + 17. Calculate the remainder when z is divided by q(5).
14
Let q(s) = -3 - 2*s + 2*s - s**2 - 6*s. Calculate the remainder when ((-14)/(-3))/((-2)/(-6)) is divided by q(-4).
4
Suppose 0*r = 4*r - 32. Suppose -h = 5*x + 30 - 100, 4*x + 4*h = 40. Calculate the remainder when x is divided by r.
7
Let l be -8*(1 - (-1 - 0)). Let p be (l/(-10))/(4/10). Suppose p*u + 30 = 90. What is the remainder when 42 is divided by u?
12
Let j = 5 - 4. Let y(w) = 3*w**2 - 29*w - 9. What is the remainder when y(10) is divided by j?
0
Let s(h) = 2*h**2 - 6*h - 40. What is the remainder when s(9) is divided by 26?
16
Suppose -5*b + 16 = 1. Suppose -2*w + 23 = -23. What is the remainder when w is divided by (-74)/(-10) + b/5?
7
Suppose -w - 7 = 2. What is the remainder when (-8)/(-36) + (-376)/w is divided by 15?
12
Let p = -107 - -116. Let x = 46 - 20. Let l = x + -9. Calculate the remainder when l is divided by p.
8
Suppose -3*a + 3*h - 11 = -8*a, -3*a + 5*h + 27 = 0. Calculate the remainder when 6 is divided by a.
2
Suppose -4*v = -5*v. Calculate the remainder when 43 is divided by 50/(-30)*(v + -9).
13
Let k = 94 - 80. What is the remainder when -2 + (-110)/(0 - 2) is divided by k?
11
Let y(p) = p**3 - 8*p**2 - 8*p - 3. Suppose 7*i - 3*i - 36 = 0. Let d = 24 + -7. What is the remainder when d is divided by y(i)?
5
Let r = -32 + 17. Let a = -3 - r. Let q = 3 + 4. What is the remainder when a is divided by q?
5
Suppose -u + 3*x + 10 = -0*u, 5*u = -4*x + 31. Calculate the remainder when 10 is divided by u.
3
Suppose 0 = 2*m - 4 - 4. Suppose 70 - 18 = 5*s + c, 38 = 4*s - c. What is the remainder when s is divided by m?
2
Let c(x) = -x**2 + 11*x - 12. Let j be c(9). What is the remainder when (2/j)/((-3)/(-72)) is divided by 3?
2
Let r = 9 + -7. Suppose -5*k - 19 = -r*w + 3, 0 = -5*k + 20. What is the remainder when 40 is divided by w?
19
Suppose -2*f - 30 = -f. Let j = 13 - f. What is the remainder when j is divided by 22?
21
Let j = 13 - 5. Suppose -32 = -2*b - l, -j = -b - 2*l + 8. Calculate the remainder when b is divided by 9.
7
Let c = -40 - -49. Let i(k) = -k**2 - k - 1. Let r(v) = -4*v**3 + 6*v**2 + 6*v + 5. Let b(h) = 5*i(h) + r(h). What is the remainder when c is divided by b(-1)?
1
Suppose 5*t - 162 + 18 = -4*v, 3*t - v - 83 = 0. What is the remainder when t is divided by -2 + 3 - (-8 + -1)?
8
Let i(u) be the third derivative of u**6/120 - 7*u**5/60 + u**4/24 + 5*u**3/6 + u**2. Let c = -17 + 24. What is the remainder when 34 is divided by i(c)?
10
Let f = -3 - -6. Suppose f*k + 5*z - 6 = 0, -3*k - 1 =